42353?
4
What is the ten thousands digit of 8222811?
2
What is the millions digit of 14247511?
4
What is the tens digit of 4385502?
0
What is the millions digit of 31574656?
1
What is the ten thousands digit of 1503372?
0
What is the thousands digit of 380706?
0
What is the tens digit of 630023?
2
What is the hundreds digit of 1540475?
4
What is the units digit of 358735?
5
What is the units digit of 343101?
1
What is the hundreds digit of 6143417?
4
What is the ten millions digit of 13628244?
1
What is the tens digit of 832656?
5
What is the units digit of 1401957?
7
What is the ten thousands digit of 74290?
7
What is the thousands digit of 2103600?
3
What is the hundred thousands digit of 2575749?
5
What is the ten thousands digit of 1754393?
5
What is the units digit of 6111449?
9
What is the millions digit of 5200639?
5
What is the thousands digit of 4791324?
1
What is the hundreds digit of 556569?
5
What is the thousands digit of 217313?
7
What is the units digit of 24615857?
7
What is the units digit of 36066?
6
What is the hundred thousands digit of 1366734?
3
What is the tens digit of 129252?
5
What is the millions digit of 5646700?
5
What is the hundred thousands digit of 575179?
5
What is the tens digit of 7520033?
3
What is the units digit of 711035?
5
What is the ten thousands digit of 85659?
8
What is the ten thousands digit of 393789?
9
What is the units digit of 672077?
7
What is the ten thousands digit of 97667?
9
What is the hundreds digit of 861989?
9
What is the tens digit of 2678094?
9
What is the ten thousands digit of 7104231?
0
What is the thousands digit of 2366128?
6
What is the hundred thousands digit of 4200880?
2
What is the units digit of 2302371?
1
What is the ten thousands digit of 211276?
1
What is the ten thousands digit of 12972592?
7
What is the millions digit of 9160907?
9
What is the tens digit of 25137925?
2
What is the ten thousands digit of 10614309?
1
What is the tens digit of 2018067?
6
What is the tens digit of 5276249?
4
What is the units digit of 21539?
9
What is the thousands digit of 54280?
4
What is the ten thousands digit of 2902002?
0
What is the hundred thousands digit of 3678292?
6
What is the hundred thousands digit of 443284?
4
What is the ten thousands digit of 2904070?
0
What is the thousands digit of 5241692?
1
What is the ten thousands digit of 745933?
4
What is the units digit of 342098?
8
What is the hundred thousands digit of 1026602?
0
What is the tens digit of 679075?
7
What is the hundreds digit of 337337?
3
What is the ten thousands digit of 305505?
0
What is the millions digit of 4767364?
4
What is the hundred thousands digit of 11941678?
9
What is the hundreds digit of 62085?
0
What is the tens digit of 37826?
2
What is the thousands digit of 24095?
4
What is the hundreds digit of 43192?
1
What is the units digit of 35237?
7
What is the ten thousands digit of 245111?
4
What is the thousands digit of 4125053?
5
What is the millions digit of 7455927?
7
What is the ten thousands digit of 5728129?
2
What is the millions digit of 16651701?
6
What is the thousands digit of 2068287?
8
What is the ten thousands digit of 143505?
4
What is the tens digit of 681104?
0
What is the ten thousands digit of 1878499?
7
What is the thousands digit of 804944?
4
What is the hundreds digit of 599203?
2
What is the hundreds digit of 1209959?
9
What is the thousands digit of 54287?
4
What is the ten thousands digit of 13182?
1
What is the hundreds digit of 242936?
9
What is the tens digit of 177166?
6
What is the hundred thousands digit of 9483865?
4
What is the ten thousands digit of 3819507?
1
What is the ten thousands digit of 62009?
6
What is the hundred thousands digit of 4585075?
5
What is the millions digit of 17572307?
7
What is the millions digit of 9316007?
9
What is the ten thousands digit of 32999717?
9
What is the ten thousands digit of 823585?
2
What is the units digit of 300483?
3
What is the thousands digit of 7636?
7
What is the ten millions digit of 10314215?
1
What is the ten thousands digit of 705870?
0
What is the millions digit of 6313526?
6
What is the tens digit of 241506?
0
What is the hundreds digit of 2321407?
4
What is the hundreds digit of 95106?
1
What is the ten thousands digit of 262619?
6
What is the hundred thousands digit of 339338?
3
What is the thousands digit of 10869638?
9
What is the millions digit of 8027978?
8
What is the ten millions digit of 11271417?
1
What is the thousands digit of 91612?
1
What is the tens digit of 43337?
3
What is the thousands digit of 8790385?
0
What is the hundred thousands digit of 5175381?
1
What is the ten thousands digit of 234186?
3
What is the tens digit of 7160598?
9
What is the hundreds digit of 7349866?
8
What is the hundreds digit of 1720124?
1
What is the units digit of 6040984?
4
What is the hundred thousands digit of 3746213?
7
What is the millions digit of 2850484?
2
What is the hundred thousands digit of 3967277?
9
What is the tens digit of 542102?
0
What is the hundred thousands digit of 3846307?
8
What is the ten thousands digit of 339679?
3
What is the units digit of 149098?
8
What is the millions digit of 4444682?
4
What is the ten thousands digit of 1435342?
3
What is the hundreds digit of 14054455?
4
What is the ten thousands digit of 4217683?
1
What is the thousands digit of 1056522?
6
What is the units digit of 555763?
3
What is the ten thousands digit of 2144188?
4
What is the hundred thousands digit of 455094?
4
What is the units digit of 2826798?
8
What is the hundred thousands digit of 273341?
2
What is the hundred thousands digit of 2185930?
1
What is the units digit of 367253?
3
What is the units digit of 7722773?
3
What is the hundreds digit of 18475329?
3
What is the tens digit of 10781960?
6
What is the hundred thousands digit of 1806178?
8
What is the thousands digit of 34599?
4
What is the thousands digit of 119913?
9
What is the tens digit of 505914?
1
What is the hundreds digit of 144566?
5
What is the hundred thousands digit of 144441?
1
What is the ten thousands digit of 3672797?
7
What is the units digit of 707009?
9
What is the ten thousands digit of 17367765?
6
What is the units digit of 5816983?
3
What is the hundred thousands digit of 15123234?
1
What is the units digit of 13103024?
4
What is the hundred thousands digit of 220288?
2
What is the units digit of 216020?
0
What is the thousands digit of 260422?
0
What is the units digit of 397856?
6
What is the units digit of 6624259?
9
What is the millions digit of 3355583?
3
What is the thousands digit of 14609583?
9
What is the units digit of 1331959?
9
What is the tens digit of 2243744?
4
What is the hundreds digit of 4279439?
4
What is the units digit of 939014?
4
What is the ten thousands digit of 598362?
9
What is the hundreds digit of 30476479?
4
What is the hundreds digit of 6153984?
9
What is the ten thousands digit of 9842591?
4
What is the thousands digit of 373673?
3
What is the hundreds digit of 1470420?
4
What is the units digit of 744649?
9
What is the hundred thousands digit of 3665937?
6
What is the tens digit of 11441332?
3
What is the tens digit of 1874427?
2
What is the thousands digit of 349540?
9
What is the tens digit of 962413?
1
What is the hundreds digit of 3768034?
0
What is the ten thousands digit of 632373?
3
What is the ten thousands digit of 1137902?
3
What is the thousands digit of 1955723?
5
What is the units digit of 7627565?
5
What is the millions digit of 8363584?
8
What is the tens digit of 141412?
1
What is the thousands digit of 187842?
7
What is the ten thousands digit of 87197?
8
What is the hundreds digit of 126323?
3
What is the tens digit of 2973100?
0
What is the tens digit of 1289107?
0
What is the thousands digit of 276434?
6
What is the hundreds digit of 15235041?
0
What is the hundred thousands digit of 827975?
8
What is the millions digit of 2728884?
2
What is the hundreds digit of 2665657?
6
What is the millions digit of 34534377?
4
What is the units digit of 22719?
9
What is the hundreds digit of 4174810?
8
What is the units digit of 646263?
3
What is the hundred thousands digit of 631261?
6
What is the tens digit of 161514?
1
What is the ten thousands digit of 328689?
2
What is the hundr